(-209 - 37)).
139
15 + -28 + (8 - (-82 + 43))
34
What is the value of 2 + (2 - -28 - (-20 - -17))?
35
What is the value of -207 + 94 + 3 + -11 + 21 - (0 + 16)?
-116
Calculate -18 + 16 + 3 + 0 + (5 - 2 - 45).
-41
Evaluate 3 - -3 - (6 + 14 + -5 + -86).
77
Evaluate -16 - 68 - (-92 - -19).
-11
What is the value of 18 + 3 + (31 + -44 - 54)?
-46
What is -110 - -36 - -84 - 60?
-50
Evaluate 120 + 104 + -258 + -36.
-70
What is (2 - (3 + -2)) + (8 - ((-6 - -69) + -7))?
-47
What is the value of (63 - 103) + 2 + (13 - -13)?
-12
What is the value of -134 - (-1 + -216 + 93)?
-10
Calculate -100 - (-117 - -110) - (26 + 8).
-127
Evaluate (-1 + -58 - (-849 - -823)) + -12 + -1.
-46
What is (-15 - (7 + -7) - 42) + 2 - 9?
-64
Evaluate -19 + 48 + 4 - (7 - 11).
37
(1 - 51) + (-167 - -169 - (-3 - (-5 - 1)))
-51
Evaluate (-59 - -58) + (64 - (-14 + 6 + 1)).
70
109 - (168 - (-17 - -50))
-26
Evaluate 17 + -37 + -36 - (0 + 2 + -1 + -8).
-49
What is (0 + 34 - (10 - -14)) + -2 + 13?
21
What is 15 + (45 - (58 - 47))?
49
Calculate -51 - (-13 + -21) - -8.
-9
What is (48 - 164) + 162 + -27?
19
What is -2 + (1 + (33 - 0) + 6 - (-8 - -10))?
36
What is -83 - ((-13 - (-23 - (-31 - -16))) + -17)?
-61
What is the value of 115 + (-28 + -13 - -31) + -22?
83
What is the value of 26 + (2 - 10 - -24 - 27) - -69?
84
Calculate -68 - (19 + -1 - (25 - (-34 + 28))).
-55
What is (13 - 16) + -18 + 11 + -17 + 1 + 4?
-22
What is the value of (4 - (-76 + 96)) + -2 + 111 + 1 + -7?
87
Calculate -107 - (88 - 311) - 227.
-111
(-54 - -1) + (-21 - (7 + -31)) - -5
-45
Evaluate -2 + 75 + (-3 - -17) + -8 + -14 + 6.
71
What is the value of (7 - 2) + -84 + 7 + -32?
-104
(-18 - -29) + -11 + 4 + (-4 - -3)
3
What is the value of -14 + 5 + 56 + (104 - 87)?
64
What is the value of -21 + -36 - -45 - (6 - -10)?
-28
Evaluate -168 - -181 - (3 - (1 - 45)).
-34
What is the value of -19 + (-11 + -6 - -8) - (-9 - -14 - 9)?
-24
25 - (-3 + (-35 - -48))
15
What is (3 - (-5 - 17) - (2 - 0)) + (872 - 864)?
31
(41 - 56 - -6) + (1 + 2 - -9) + -5
-2
Evaluate 22 + -15 - 2 - (23 + -31).
13
Calculate (29 - -21) + -26 - -11 - 46.
-11
What is (647 - 669) + (52 - -1) + 3?
34
(23 - (8 - 3)) + 7 + -75
-50
Calculate 6 - (-1 + 1 + 7 + -12 + (131 - 91)).
-29
Evaluate 62 + 15 + (-7 - (13 + -27) - (1 - 8)).
91
(22 - 27) + -8 + 64 - -34
85
Evaluate (-78 - 1 - (-40 + 32 + 0)) + 0 + -2.
-73
What is -1 + -3 + 66 + 60 + -128?
-6
What is 3 - 11 - (-50 - -44 - -119)?
-121
What is the value of -8 - (-23 - (-30 + (26 - 27)))?
-16
What is the value of 2 + (87 - -4) - -8?
101
Calculate 11 - (-1 - -2 - (-269 + 301) - -2).
40
68 + (4 - -15 - 16) + 3
74
-130 + (17 - 4) + 9 + (-9 - (8 - 12))
-113
Evaluate -83 - (-32 + 24 + 32 - 42).
-65
What is the value of -147 + 123 + (-3 - (-1 - -5)) + (-4 - -17)?
-18
(-102 - 0 - -1) + (91 - 154 - -75)
-89
What is 48 - (-84 - -141) - (-2 + -55 + -2)?
50
What is the value of 4 + 4 + 0 + (52 - 60) + 0?
0
What is the value of 0 + 60 + -2 + (28 - 74) + 39 + 11?
62
What is the value of (36 - 16) + 28 + -70?
-22
Calculate -2 + 0 - -19 - 1 - (1476 + -1484).
24
303 - 330 - (3 - 0)
-30
Evaluate (20 - (23 - 5)) + 15 + 10.
27
What is the value of 85 + (36 + -87 - (-24 - -9))?
49
Calculate (11 + -11 - -6) + (0 - 0) + -7 - -13.
12
Evaluate -7 - (14 + 60) - -65.
-16
Calculate -44 + (-1 - (14 + (-52 - -79))).
-86
79 - (-13756 + 13750 - (-1 + 2 + 8))
94
-5 + (160 - 6) - ((-14 - 32) + 43)
152
32 + (-29 - -3) + (4 - 16) + -10
-16
What is -9 - -74 - (-109 + 156)?
18
What is the value of -12 - ((19 - 8) + -56)?
33
What is (-203 + 165 - (-21 - 1)) + (3 - 17)?
-30
-1 + -15 + (178 - 178 - (-5 - (-14 + 1)))
-24
Evaluate -6 - -11 - -14 - ((28 - 14) + -17).
22
What is (1 - (12 + -20)) + (-5 + 12 - 28)?
-12
What is the value of 0 - (48 + (-1 - -2 - (11 + -24) - 5))?
-57
Evaluate (0 - -3 - (-83 - 4 - -1)) + 1892 + -1897.
84
Calculate (-26 + -4 - (-12 + -23 + 19)) + 37.
23
What is -14 + (536 - 536 - (3 + -52))?
35
Calculate (-2 - 11) + (-90 - -125 - 2).
20
What is -15 - (-15 + 6) - (-130 + 181)?
-57
7 + -17 + (9 - (5 + (-4 - -11)))
-13
(4523 - 4499) + 1 + -46
-21
-39 - (-24 + 8 + 8)
-31
Calculate (35 - 14 - -6) + (16 - 19).
24
What is 63 + 0 + 9 + -48 + 24 + 11?
59
Calculate -32 + 20 - (-6 - (-4 - -10)) - (-42 + 16).
26
What is the value of -10 + -3 + (-9 + (-17 - -7) - 75) + -9?
-116
Calculate (13 - 18 - -13 - 1) + (-15 - -3).
-5
Evaluate 5 - ((-6 - -1) + (2 - 19 - -27)).
0
What is (-38 - (-5 + 1 + -8) - -22) + -88?
-92
9 - (11 + (14 + -6 - -3 - 56))
43
Evaluate (-10 - (16 - -2 - 24)) + 3.
-1
What is ((-2 - -22) + -38 - -19) + -2?
-1
Calculate -55 - -51 - -103 - (16 + 3).
80
Evaluate -5 + (-13 - -13) + -7 + -3 + 3.
-12
What is the value of 2040 + -2006 - (3 - 1 - 23)?
55
What is the value of 24 + (-52 - -27) - (9 - (-51 + 9))?
-52
Calculate -14 - -13 - (8 - (-2 + -1)) - 3.
-15
48 + (-1 + 3 - (-35 - (24 + -67)))
42
What is (5 - 1) + -24 + 16 - 7?
-11
What is -4 - (-120 + 2 + -9 + -8 + 26) - 3?
102
What is the value of 2601 + -2638 + (1 - -9)?
-27
What is the value of (-708 - -738) + (-49 - 3)?
-22
Calculate 72 + -1 - (-2433 - -2602).
-98
Evaluate -57 - ((2 - ((-5 - 4) + -1 + -4)) + -8).
-65
What is 125 + (-279 - -150) + (103 - -2)?
101
What is (-5 - 1) + 10 + (-14 - (49 + -12))?
-47
What is the value of 21 + (-14 - (-14 - -2 - -3) - 152)?
-136
Evaluate -34 - -47 - -17 - 4 - 82.
-56
Calculate 1488 + -1543 - (-67 - 4).
16
Evaluate -124 + 66 + 77 + -14.
5
Evaluate -40 + 27 + 31 - 24.
-6
What is (-1 - -98) + (67 + -65 - (1 + (-10 - 2)))?
110
What is 0 - 8 - (-1656 - -1669)?
-21
Calculate -14 + 43 + -21 - (-71 + 0).
79
What is the value of 2 - (45 + -89 + -50 - (-3 + 4 - 11))?
86
What is the value of -71 - (-152 + -32 + 58)?
55
-6 + (0 - ((-42 + 23 - -23) + (2 - -25)))
-37
What is (10 + 9 + -12 + 4 - 26) + 5 + 4?
-6
What is the value of 24 - ((19 - -41) + 52)?
-88
What is the value of 10 + 0 + (13 + -1 - 6) + 13?
29
Calculate 4 + (-1 - 0 - (-16 - 6 - -46)).
-21
What is the value of -10 - ((15 - (4 - (2 + -2))) + -55)?
34
-6 + 86 + -902 + 910
88
Evaluate -10 - (-4 + -19 + (33 - 20) + -2).
2
What is the value of -26 - -13 - -9 - ((-9 - -4 - -7) + -19)?
13
Calculate 0 + -3 + ((5 - -15) + -13 - (-2 - -23)).
-17
What is -4 - (35 + (-39 - -12))?
-12
Evaluate 0 - -70 - (-60 - -61 - 5).
74
What is the value of (1 + -2 + 1 - 0) + 19 + -30 + -22?
-33
What is the value of -119 - (-16 - (-12 - -79))?
-36
What is the value of (-52 - (99 - 133)) + (159 - (-1 + 4))?
138
Evaluate 7 + (15 + 37 - 33) - -10.
36
Evaluate -169 + -84 + 237 + (-96 - -1) + -1.
-112
Evaluate 18 + (-4 - (30 + -56 + 28)).
12
Evaluate (-1 + -33 - -1) + (1648 - 1665).
-50
What is the value of -23 - (33 - 122 - -197 - (9 + 1))?
-121
(295 - 266) + (-6 - (-16 + 11)) + (1 - -8)
37
(2 - -31) + 4317 + -4286
64
Calculate -28 + (-2 - ((-36 - -4) + 12)).
-10
Evaluate -4 + (6 - -3 - -1 - (-30 + 18)).
18
What is -29 + (20 - 24) + -1?
-34
Evaluate -16 + (-65 - -74) + -27 + -5.
-39
What is the value of (1 - 0) + 28 - ((50 - -14) + -48)?
13
75 + -49 + 120 - 45
101
What is -49 + 53 + (-8 - (6 + (3 - 11))) - -82?
80
((-16 - -19 - 31) + 24 - -11) + -122
-115
Calculate -31 + (-9 - 9) + 90.
41
(42 - -58 - 27) + -71
2
What is the value of 14 + -10 + (111 - 119) + -94?
-98
What is the value of 237 - 253 - (8 + -20 - (4 - 0))?
0
Calculate -35 + (3 - (-12 + 15 + 15)).
-50
What is the value of 32 - 0 - ((-319 - -158) + 183)?
10
4 + -9 + -67 + (-4 - -7) + -17 + 15
-71
-48 + (-10 - -63) + -52
-47
Calculate (-1 - (-3 - 0)) + (53 - (70 + -36)).
21
What is the value of 7 + (1 + -13 - (-750 - -769)) - (-1 - 11)?
-12
Calculate -18 + 8 + 37 + -23 + 7.
11
What is (-355 - -353) + 2 + -22 + (0 - -1)?
-21
Calculate 1 - -50 - (-639 - -631).
59
Evaluate 10 + -8 + 5 - (-4 + 5 + 0) - 52.
-46
-26 + -23 + 75 + 1
27
Evaluate 38 + 20 + -11 + -18 + 0 + 11.
40
Evaluate (0 - ((19 - -17) + -22)) + -96 + (-2 - -3).
-109
Calculate 73 + (4 - (43 - 15)).
49
What is 75 + -104 + (-6 - 4 - -29)?
-10
What is the value of (-9 - (23 + -16)) + 4 + (1 - 6)?
-17
Evaluate 2 - 55 - -46 - (22 + (-1 - 1)).
-27
Evaluate (-72 - (-15 - 10)) + -2 + 9.
-40
What is the value of (67 - -49 - 36) + 4?
84
4 + (-17 + -6 - -1 - 18)
-36
Evaluate 13 - (40 - (-8 - -6) - 19).
-10
Evaluate -192 + 63 + 129 + (0 - 64).
-64
What is 110 + -207 + 39 + 24?
-34
What is -27 - ((-5 -